1 composite?
True
Is 2214982151 a prime number?
True
Is 3711421 composite?
True
Is 60009739 composite?
False
Is 199753889 a prime number?
True
Is 1425131771 a prime number?
False
Is 21291661 a composite number?
False
Is 3444977 a composite number?
True
Is 15685295 a prime number?
False
Is 17447807 composite?
True
Is 564203 a composite number?
True
Is 1132489 a composite number?
True
Is 169710719 composite?
False
Is 4297533 a composite number?
True
Is 5301561 a prime number?
False
Is 55994857 a composite number?
True
Is 11096203 a composite number?
True
Is 8384593 composite?
True
Is 3135077 prime?
False
Is 1792699 a prime number?
False
Is 9181891 a prime number?
True
Is 136069543 prime?
True
Is 610427 prime?
False
Is 3519227 composite?
False
Is 11728399 prime?
False
Is 17751151 composite?
True
Is 3342073 a composite number?
True
Is 2431861 composite?
True
Is 2621181 a composite number?
True
Is 13842433 a composite number?
True
Is 2778901 prime?
True
Is 3330659 a composite number?
False
Is 148165751 a prime number?
False
Is 59139277 a composite number?
True
Is 22489319 composite?
True
Is 55527167 prime?
True
Is 40304891 a prime number?
False
Is 161884073 a composite number?
True
Is 1153347533 a prime number?
False
Is 8328161 a composite number?
False
Is 10113394 composite?
True
Is 180827 composite?
True
Is 10339489 composite?
True
Is 143403907 composite?
False
Is 155200277 prime?
True
Is 135574379 a composite number?
False
Is 335271389 a prime number?
False
Is 3603247 a composite number?
True
Is 9773821 composite?
False
Is 40322033 prime?
True
Is 182444831 composite?
False
Is 4009373 a prime number?
True
Is 344368547 prime?
False
Is 131458307 composite?
False
Is 7729693 composite?
False
Is 242553341 a prime number?
True
Is 8480347 a prime number?
True
Is 23575309 a prime number?
False
Is 8551999 prime?
False
Is 15506437 prime?
False
Is 802441 composite?
False
Is 9556291 a prime number?
True
Is 3164279 prime?
False
Is 18357778 prime?
False
Is 342058579 composite?
False
Is 35033641 composite?
False
Is 29189761 a prime number?
False
Is 9964321 a composite number?
False
Is 211308179 prime?
True
Is 33047207 a composite number?
False
Is 1501798103 composite?
True
Is 94775089 a composite number?
False
Is 249461 a prime number?
False
Is 2595967 prime?
False
Is 4941127 prime?
True
Is 4685155 a composite number?
True
Is 1915181 a prime number?
False
Is 8481461 a composite number?
False
Is 7981069 a composite number?
True
Is 49897013 a composite number?
False
Is 51927599 a prime number?
True
Is 1831633 composite?
False
Is 10165109 a prime number?
False
Is 53413319 a prime number?
True
Is 17360381 prime?
False
Is 221045653 a composite number?
True
Is 90996989 a prime number?
True
Is 482531083 a prime number?
True
Is 410205737 a composite number?
True
Is 23175583 prime?
False
Is 768777953 prime?
True
Is 1743389 prime?
False
Is 539926009 a prime number?
False
Is 1529963 composite?
False
Is 447311 a composite number?
False
Is 221362393 composite?
True
Is 5910899 a composite number?
True
Is 99874009 composite?
False
Is 1654111 prime?
True
Is 8865587 composite?
True
Is 33244421 a prime number?
False
Is 570956923 prime?
False
Is 26204761 a composite number?
True
Is 5269045 a composite number?
True
Is 394377387 prime?
False
Is 156815629 a composite number?
True
Is 12821161 a composite number?
True
Is 564533 prime?
True
Is 1728061 composite?
False
Is 151817669 prime?
True
Is 295207157 composite?
True
Is 4200731 a prime number?
True
Is 179195619 composite?
True
Is 59398145 prime?
False
Is 12023569 a composite number?
False
Is 401662997 a prime number?
True
Is 28560869 prime?
True
Is 4650821 prime?
False
Is 89105039 composite?
False
Is 11042849 composite?
False
Is 18416743 a composite number?
False
Is 2945671 a composite number?
True
Is 326993 prime?
True
Is 90361643 composite?
True
Is 294673 composite?
False
Is 138752539 composite?
False
Is 700763 prime?
False
Is 70282109 composite?
True
Is 777901 a prime number?
True
Is 266830951 composite?
False
Is 69694019 prime?
True
Is 10743433 a composite number?
False
Is 29432921 composite?
True
Is 17698859 a composite number?
False
Is 1444927 a prime number?
False
Is 1919839 prime?
True
Is 77040899 a prime number?
False
Is 5123527 a composite number?
False
Is 50859079 a composite number?
True
Is 1888154 composite?
True
Is 32809057 prime?
True
Is 10502593 a prime number?
False
Is 446254271 prime?
True
Is 472493 a prime number?
False
Is 11519215 composite?
True
Is 42778343 composite?
True
Is 18675939 prime?
False
Is 6235249 prime?
False
Is 1084277 a prime number?
False
Is 21374333 prime?
True
Is 245947795 prime?
False
Is 70138351 a prime number?
True
Is 848906911 a prime number?
True
Is 1412795 composite?
True
Is 7417037 prime?
True
Is 52678037 a prime number?
False
Is 389085521 composite?
True
Is 152569 a prime number?
False
Is 7341937 a composite number?
False
Is 105627163 a prime number?
False
Is 194390689 prime?
True
Is 16897879 a prime number?
False
Is 1928945059 a composite number?
False
Is 88969613 a prime number?
False
Is 7806869 composite?
True
Is 9419897 composite?
False
Is 63458867 prime?
True
Is 101092162 composite?
True
Is 34722187 a composite number?
False
Is 124941197 composite?
False
Is 23498197 prime?
False
Is 49211171 prime?
True
Is 25541102 a prime number?
False
Is 1063759 composite?
True
Is 548687 a composite number?
False
Is 34973093 prime?
True
Is 348570389 a prime number?
True
Is 289093741 prime?
True
Is 2504563 prime?
True
Is 1517407 a composite number?
True
Is 14406221 composite?
False
Is 3735151 composite?
True
Is 2332427 composite?
False
Is 3647 prime?
False
Is 827711 prime?
False
Is 4042639 a composite number?
False
Is 152663711 a prime number?
True
Is 56756501 composite?
False
Is 23107303 a prime number?
True
Is 1031707 a prime number?
True
Is 13135817 prime?
False
Is 2251147 composite?
False
Is 3749879 prime?
False
Is 490183 a composite number?
False
Is 159182743 composite?
True
Is 146952467 a prime number?
False
Is 2577499 composite?
True
Is 456539 a composite number?
False
Is 19668391 a composite number?
False
Is 6180827 a prime number?
True
Is 28372829 composite?
False
Is 1424051 a composite number?
True
Is 11051603 prime?
False
Is 91271 prime?
False
Is 7525333 composite?
False
Is 170047729 prime?
True
Is 954827 prime?
True
Is 12014099 a prime number?
False
Is 1379405 a composite number?
True
Is 1037741 a prime number?
True
Is 1170523 a prime number?
True
Is 7700137 composite?
True
Is 5016295 prime?
False
Is 5470403 a prime number?
True
Is 28703069 composite?
True
Is 2258219 a composite number?
True
Is 49437359 prime?
True
Is 650957 prime?
False
Is 162502517 composite?
False
Is 8151313 prime?
False
Is 17600923 a prime number?
False
Is 50978677 prime?
False
Is 10191833 a composite number?
False
Is 963569 a prime number?
False
Is 3896803 prime?
False
Is 6379337 prime?
False
Is 182969989 prime?
False
Is 66261851 a composite number?
True
Is 2310677 composite?
False
Is 147727481 a composite number?
True
Is 142694119 a composite number?
True
Is 5686573 a composite number?
False
Is 24041483 a composite number?
True
Is 23453753 a prime number?
True
Is 5069627 a composite number?
False
Is 4876957 composite?
False
Is 48899129 composite?
True
Is 1396487 prime?
True
Is 1112903 a prime number?
False
Is 2132521 a composite number?
True
Is 302055433 a composite number?
False
Is 136032953 composite?
True
Is 73982707 prime?
False
Is 23196081 prime?
False
Is 1383797 a composite number?
False
Is 59260247 a prime number?
True
Is 2747921 a composite number?
True
Is 1088329 prime?
False
Is 240583393 prime?
True
Is 3357553 a prime number?
False
Is 21176143 a prime number?
True
Is 13502549 prime?
True
Is 516757 composite?
False
Is 7123183 composite?
True
Is 5426887 a composite number?
False
Is 67306031 composite?
True
Is 86956647 a prime number?
False
Is 224861597 a composite number?
True
Is 58766389 a prime number?
False
Is 16132211 prime?
True
Is 342557107 a composite number?
False
Is 358341 composite?
True
Is 33096823 a prime number?
True
Is 5667769 a composite number?
False
Is 2249539 a composite number?
True
Is 2943167 a prime number?
True
Is 3979837 prime?
True
Is 3965681 a composite number?
False
Is 143745